6
Let c(v) = v**3 - 6*v**2 + 4*v - 2. Let i = 5 + 26. Suppose i*f = 35*f - 20. Calculate c(f).
-7
Suppose x = -2*x, t + 5*x - 5 = 0. Suppose -z - 4*h + 12 = 0, -z + 2 = 2*z - t*h. Let i(s) = 9 - 3*s + 6*s - z*s. What is i(0)?
9
Let u(c) = -2*c + 3. Suppose 14*r - 13*r + 2*p - 6 = 0, 5*p = -5*r + 40. Calculate u(r).
-17
Let d be (4 + -5)*(2 + -1). Let p be 5/(-10)*8*d. Let b(q) = 5 - p*q - q**2 - 10 + 7. What is b(-6)?
-10
Let u(m) = -m**2 - 9*m - 10. Suppose -a = a. Suppose a = 4*q - 113 + 21. Suppose -3*h - q = 2*i, h - i + 7 - 1 = 0. What is u(h)?
4
Let o(d) = d**3 - 4*d**2 - d + 5. Let v(r) = -61*r + 980. Let x be v(16). What is o(x)?
1
Let z(x) = x**2 + 10*x + 12. Suppose -336 = 5*n + 37*n. Give z(n).
-4
Let z = 717 + -716. Let v(y) = 0 + 0 - 3*y**2 + 2 - 5*y**3. Let b(x) = x**2 - 1. Let k(i) = -b(i) - v(i). Calculate k(z).
6
Suppose 5*c - 5*z - 45 = 0, -c - 3*c - 4*z = 4. Let a(k) = c*k**3 - 6 - k**3 - k - k**2 - 4*k**3. Determine a(0).
-6
Let y(l) = l**3 - l**2 - 3*l - 9. Let i(r) = -r**3 + 7*r**2 + 19*r - 88. Let h be i(8). Give y(h).
-9
Let v(l) = -4*l - 56. Let z be v(-14). Suppose 2*i + 10 = 0, z = -5*t + 3*i - 4*i - 45. Let u(n) = n**2 + 11*n + 12. Determine u(t).
-12
Let b(g) = -5*g - 1. Let u(f) = -4*f. Suppose v - 5*v + 12 = 0. Let z(h) = v*u(h) - 2*b(h). Give z(3).
-4
Let n(a) be the first derivative of -a**4/2 + a**3/3 + a + 514. Calculate n(0).
1
Let m(a) = -a**2 + 8*a + 12. Let n be m(10). Let d be (-7)/28 - 50/n. Let j(o) = 2*o - 7. Determine j(d).
5
Let b = 1/179 + 173/1074. Let o(t) be the third derivative of 0 + 0*t + 0*t**4 + 6*t**2 + 7/60*t**5 + b*t**3 - 1/120*t**6. What is o(7)?
1
Let q(v) = -30*v**3 + 10 + 70*v**3 - 7*v**2 + 2*v - 41*v**3. What is q(-7)?
-4
Let i(w) = -w**2 - 8*w + 13. Let k be i(-9). Suppose -21 = 7*o - k*o. Let f(q) = -q**3 - 7*q**2 + q - 3. Calculate f(o).
-10
Suppose -5*d - 5*d + 20 = 0. Let i(x) = 12*x + x**2 - 3 - 13*x + d + 2. Calculate i(0).
1
Let c(v) = v - 10. Let f(u) = 2*u - 21. Let g(j) = -2*j + 21. Let w(o) = 3*f(o) + 4*g(o). Let l(h) = 7*c(h) + 3*w(h). What is l(5)?
-2
Let m(y) = 16 + y**2 - 5*y - 29 + 11. Let v be -1 + 3 + 2*-1. Suppose v = 3*i + 3*s + 1 + 2, -3*s = 4*i - 1. What is m(i)?
-6
Suppose 0 = 3*q - 20 - 10. Let h(j) = q*j - 34*j + 11*j + 14*j. Give h(-2).
-2
Let s(q) = -q + 7. Let n(j) = j**3 - 24*j**2 + j - 16. Let w be n(24). What is s(w)?
-1
Let h(z) = -z + 6. Let n(v) = v**3 - 8*v**2 - 19*v + 2. Let s be n(10). Suppose -27*k + s = -24*k. Determine h(k).
2
Let q be (2/4)/((-4)/(-936)). Let r(i) = -i - 117 + q. Let x(d) = 6*d. Let n(b) = -5*r(b) - x(b). What is n(2)?
-2
Suppose 7*c - 3 = 4*c. Let y(a) = 11*a**2 + 45*a - 9. Let j(x) = -5*x + 1. Let o(g) = -9*j(g) - y(g). Determine o(c).
-11
Let u(n) = -n - 1. Let d be u(4). Let v(o) be the third derivative of -o**4/24 - o**3 + 3*o**2 - 71*o. Give v(d).
-1
Let m = 18 + -14. Suppose -2 = -m*f + 6. Let h(j) = 2*j. Determine h(f).
4
Let q(p) = p**3 + p**3 - 3*p**3 + 5*p**2 - 2*p**2 + p**2 + 4*p. Let k(a) = -a - 1. Let f be k(-6). What is q(f)?
-5
Let w(v) = v**2. Let r(p) = 4*p + 2 - 3*p**3 - 3*p**2 + 2*p**3 + 3*p. Let l(z) = r(z) - w(z). Let h = 342 + -347. What is l(h)?
-8
Let w = -3 - -2. Let x(z) = 4 - 4 - 111*z + 106*z. Determine x(w).
5
Let d(x) = -x - 1. Suppose -24*a = -23*a + 4*t - 11, 4*a + 2*t = 16. Give d(a).
-4
Let u(g) = -2 - 7*g - 4 - 1 - g**2. Let k(w) = 3*w**3 - 7*w**2 + 7*w - 1. Let x be k(4). Let h = x - 113. What is u(h)?
-1
Let g(d) = d**2 - 8*d - 11. Let r(u) be the second derivative of u**4/12 - u**3/3 + 35*u. Let w be r(-2). What is g(w)?
-11
Let j(n) be the first derivative of -3*n**2 + 7*n + 4 - 1/3*n**3. Suppose 2*c + 2*c + 14 = -3*h, 14 = -2*h + 2*c. What is j(h)?
7
Let b = -20 + 22. Let r(k) be the second derivative of -1/3*k**3 + 0 + 3*k - 1/12*k**4 + k**b. Give r(2).
-6
Let d(x) be the third derivative of -x**7/2520 - x**6/180 + 3*x**5/40 + 7*x**4/24 + 23*x**2. Let t(c) be the second derivative of d(c). What is t(-7)?
-12
Let y(l) = l - 2. Let m = 34 + -51. Let w = 41 + m. Suppose -2*b + w = 2*b. Give y(b).
4
Let l(y) = 25*y**2 + 14*y + 5. Let r(s) = s**2 + 2*s + 1. Let d(m) = -l(m) + 6*r(m). Calculate d(1).
-20
Let j(h) = -133*h**2 + 8*h - 9 + 14 + 134*h**2. Give j(-6).
-7
Suppose -26 = -3*f - 2*f - 4*w, 3*w = 12. Let r = 59 - 57. Let g(k) = k**2 + 0*k**3 + 3*k - k**3 - 5*k + 0*k**r - 1. Calculate g(f).
-9
Let i(j) = j**2 - 2*j**2 + 5 - 5*j - 4. Suppose -16*n + 3*n - 52 = 0. Determine i(n).
5
Let o be (-4)/(-22) + (-159)/(-33). Let v(d) = 2*d + o - 4 + 3*d - 2*d. Calculate v(-1).
-2
Let s(p) = p**3 - 8*p**2 - 2*p + 14. Let j = 2577 - 2569. Determine s(j).
-2
Let v(o) be the third derivative of -o**4/24 - 2*o**3/3 - 4*o**2. Let f(n) = -4*n + 27. Let q be f(5). Determine v(q).
-11
Let n(c) = c**2 - 8*c + 15. Let u be n(6). Let h(z) = -z**2 - z. Let t(d) = -4*d**2 - 13*d - 9. Let j(m) = u*h(m) - t(m). What is j(-8)?
-7
Let s(i) = -i**2 - 8*i + 1. Let o(b) = 4*b + 5. Let m be o(0). Suppose 3*d = -2*r + 3 - 0, -5*r - 5*d - m = 0. Determine s(r).
13
Let y be 4/10 - (-36)/10. Let f(i) = 4*i + 1 - i + 0*i - 7. Determine f(y).
6
Suppose 5*g - 32 = -i, -2*i - 4 = -5*g + 7. Let y(d) = d**3 - 8*d**2 + 10*d - 7. Determine y(i).
14
Let y(f) = -7*f**3 - f + 1. Let u(w) = 9*w**3 - w**2 + w - 1. Let i(t) = 4*u(t) + 5*y(t). Determine i(4).
-3
Let d(r) be the third derivative of -r**5/60 + r**4/8 - r**3/6 + 6*r**2. Let y be (-1 + 0)*6/(-2). Let h be (-2 - -9) + y/(-1). Give d(h).
-5
Let b(d) be the third derivative of -1/3*d**3 + 21*d**2 + 1/15*d**5 + 1/24*d**4 + 0*d + 1/40*d**6 + 0. Let t be ((-2)/(-5))/((-2)/10). Determine b(t).
-12
Let y be ((-12)/(-21))/((-2)/(-7)). Suppose 8*n - 2*j + 24 = 4*n, y*n + 6 = -2*j. Let i be (1/(-5) + 0)*n. Let g(t) = 9*t**2 + 1. Determine g(i).
10
Let m(v) = -7*v + 13. Let z(g) = 3*g - 7. Let w(q) = 2*m(q) + 5*z(q). Suppose u - 2 = 0, 2*r + 5*u + 0 = 4. Let k = 7 + r. What is w(k)?
-5
Let d = 4 + -2. Let q(p) be the first derivative of -1/3*p**3 - p + 2*p**2 - 8. Determine q(d).
3
Let w = 47 - 27. Let z = -21 + w. Let u = -1 + z. Let q(g) = g**2 - 2*g - 2. What is q(u)?
6
Let w be (-12)/(-10)*80/48. Suppose k = w*b + 16, 5*b - 15 = -4*k + 10. Let n(o) = -5 - o**3 - 3*o - 3 + 2*o**3 + k - 3*o**2. Give n(3).
-7
Let x(u) = 5*u + 11. Let o(m) = 2*m + 5. Let j(s) = -7*o(s) + 3*x(s). Determine j(-5).
-7
Let j(m) be the first derivative of m**3/3 + 3*m**2/2 - 28*m - 188. Give j(-7).
0
Let r(k) = -2*k**3 + 5*k**2 - 7*k + 6. Let q be r(2). Let w(n) = 4*n**3 + 0*n - 5*n**2 - 5*n**3 - 2 - 3*n. Give w(q).
-6
Let c(j) = -j + 6. Let h(o) be the first derivative of o**2/2 - 5*o - 8. Let b(r) = -6*c(r) - 7*h(r). Let f(i) = 4. Let d(v) = 5*b(v) + f(v). Give d(-2).
9
Let p(l) = -l**3 - 7*l**2 + 7*l. Let j(a) = a**3 - 3*a**2 - 4*a + 4. Let i be j(3). What is p(i)?
8
Let y(s) = -s**2 - s + 11. Let n(q) = 2*q**2 + 14*q + 4. Let l be n(-7). Suppose l*b - 1 = 7. Suppose -3*i + 6 = 2*k, 0 = 4*k - b*k + 2*i - 4. What is y(k)?
11
Let g(o) = -425261*o**3 + 2*o + 37 + 19*o**2 + 425262*o**3 + 0*o. What is g(-19)?
-1
Let r(j) be the first derivative of -j**4/4 + 22*j + 25. What is r(0)?
22
Let i(h) = h**2 - 2*h + 6. Let l(w) = -w**2 + 3*w - 6. Suppose 0 = 5*q + 2*q + 14. Let p(y) = q*i(y) - 3*l(y). What is p(4)?
2
Let m(x) = 78*x**3 + 87*x**3 - 42 - 2*x**2 + 78*x**3 - 324*x**3 + 80*x**3. Give m(0).
-42
Suppose 0 = b - 4*b + 2*y + 5, -2*b = 2*y. Suppose -b = -d + 1. Let s(k) = 2*k + 2*k + 2 - 11*k + k**d. What is s(7)?
2
Let x(j) = 2*j + 6. Let h be (0 + 2/(-1))*-144. Let i = h + -114. Let u be 3/(-15) - i/30. Calculate x(u).
-6
Suppose 0 = -2*r - 2*r - 172. Let t = r + 49. Let a(u) = u**2 - 3*u - 8. Calculate a(t).
10
Let g(k) = 7*k - 12. Let z be g(2). Let y(b) = -3*b + 5. Calculate y(z).
-1
Let n(a) = a**2 - 15 - 3081*a + 3075*a + 0. Calculate n(8).
1
Let c(r) = -8*r**3 + 2*r - 1. Let z = -465 - -466. Calculate c(z).
-7
Let t(d) = d**2 + d + 1. Suppose 2*o = 4*h - 3*h - 1, o + 2*h - 7 = 0. Let g(i) = -5*i**2 + 2*i - 6. Let y(r) = o*g(r) + 4*t(r). Give y(4).
6
Suppose 0 = -4*j - 4*o - 4, 2*o = -5*j + 4*o + 9. Let u be (-2)/(-3)*3/j. Let r(i) = -i + 8*i - 1 + i**u + 10 - 3. Calculate r(-4).
-6
Let c(x) = -3 + 2*x**2 - 6*x**2 + 3*x**3 - 2*x**2 + 7*x - 2*x**3. Suppose -16*z = -43 - 37. Give c(z).
7
Let t(b) 